{"id":268,"date":"2023-06-12T08:54:07","date_gmt":"2023-06-12T06:54:07","guid":{"rendered":"https:\/\/airvolut.com\/?post_type=avada_faq&#038;p=268"},"modified":"2024-01-04T08:50:52","modified_gmt":"2024-01-04T07:50:52","slug":"wie-lange-kann-ein-druckluftenergiespeicher-energie-speichern","status":"publish","type":"avada_faq","link":"https:\/\/green-y.ch\/de\/faq-items\/wie-lange-kann-ein-druckluftenergiespeicher-energie-speichern\/","title":{"rendered":"Wie lange kann ein Druckluft-Energiespeicher Energie speichern?"},"content":{"rendered":"<p>Die Speicherdauer eines Druckluft-Energiespeichers h\u00e4ngt von verschiedenen Faktoren ab, wie z.B. der Gr\u00f6sse des Speichers, der verf\u00fcgbaren Energiequelle und der Art der Nutzung.<\/p>\n<p>In der Regel speichert der Druckluft-Energiespeicher \u00fcber mehrere Stunden Energie. Technologisch gesehen gibt es keine Selbstentladung und somit ist auch eine l\u00e4ngere Speicherdauer \u00fcber Tage sowie eine saisonale Speicherung realisierbar.<\/p>\n","protected":false},"excerpt":{"rendered":"<p>Die Speicherdauer eines Druckluft-Energiespeichers h\u00e4ngt von verschiedenen Faktoren ab, wie  [&#8230;]<\/p>\n","protected":false},"author":1,"featured_media":0,"menu_order":3,"comment_status":"open","ping_status":"closed","template":"","format":"standard","meta":{"footnotes":""},"faq_category":[9],"class_list":["post-268","avada_faq","type-avada_faq","status-publish","format-standard","hentry","faq_category-druckluftenergiespeicher"],"aioseo_notices":[],"_links":{"self":[{"href":"https:\/\/green-y.ch\/de\/wp-json\/wp\/v2\/avada_faq\/268","targetHints":{"allow":["GET"]}}],"collection":[{"href":"https:\/\/green-y.ch\/de\/wp-json\/wp\/v2\/avada_faq"}],"about":[{"href":"https:\/\/green-y.ch\/de\/wp-json\/wp\/v2\/types\/avada_faq"}],"author":[{"embeddable":true,"href":"https:\/\/green-y.ch\/de\/wp-json\/wp\/v2\/users\/1"}],"replies":[{"embeddable":true,"href":"https:\/\/green-y.ch\/de\/wp-json\/wp\/v2\/comments?post=268"}],"version-history":[{"count":0,"href":"https:\/\/green-y.ch\/de\/wp-json\/wp\/v2\/avada_faq\/268\/revisions"}],"wp:attachment":[{"href":"https:\/\/green-y.ch\/de\/wp-json\/wp\/v2\/media?parent=268"}],"wp:term":[{"taxonomy":"faq_category","embeddable":true,"href":"https:\/\/green-y.ch\/de\/wp-json\/wp\/v2\/faq_category?post=268"}],"curies":[{"name":"wp","href":"https:\/\/api.w.org\/{rel}","templated":true}]}}

<p>Die Speicherdauer eines Druckluft-Energiespeichers hängt von verschiedenen Faktoren ab, wie z.B. der Grösse des Speichers, der verfügbaren Energiequelle und der Art der Nutzung.</p>
<p>In der Regel speichert der Druckluft-Energiespeicher über mehrere Stunden Energie. Technologisch gesehen gibt es keine Selbstentladung und somit ist auch eine längere Speicherdauer über Tage sowie eine saisonale Speicherung realisierbar.</p>

<p>Die Speicherdauer eines Druckluft-Energiespeichers hängt von verschiedenen Faktoren ab, wie  [&#8230;]</p>
