{"id":271,"date":"2023-06-12T08:54:10","date_gmt":"2023-06-12T06:54:10","guid":{"rendered":"https:\/\/airvolut.com\/?post_type=avada_faq&#038;p=271"},"modified":"2023-11-27T16:25:03","modified_gmt":"2023-11-27T15:25:03","slug":"wie-viel-kostet-ein-druckluftenergiespeicher","status":"publish","type":"avada_faq","link":"https:\/\/green-y.ch\/de\/faq-items\/wie-viel-kostet-ein-druckluftenergiespeicher\/","title":{"rendered":"Wie viel kostet ein Druckluft-Energiespeicher?"},"content":{"rendered":"<p>Die Kosten eines Druckluft-Energiespeichers von Green-Y k\u00f6nnen von verschiedenen Faktoren abh\u00e4ngen und variieren in der Regel je nach Anwendungsfall und der gew\u00fcnschten Speicherkapazit\u00e4t. Eine typische Systemgr\u00f6\u00dfe mit 150kW elektrischer Leistung und 4 Stunden Speicherdauer kostet etwa 300&#8217;000 CHF.<\/p>\n<p>Wir von Green-Y beraten und unterst\u00fctzen Sie gerne bei Ihren Projekten. Unsere Experten stehen Ihnen zur Verf\u00fcgung, um Sie bei der Auswahl des richtigen Druckluft-Energiespeichers f\u00fcr Ihre spezifischen Anforderungen zu unterst\u00fctzen und Ihnen transparente Informationen \u00fcber die damit verbundenen Vorteile und Kosten bereitzustellen.<\/p>\n","protected":false},"excerpt":{"rendered":"<p>Die Kosten eines Druckluft-Energiespeichers von Green-Y k\u00f6nnen von verschiedenen Faktoren  [&#8230;]<\/p>\n","protected":false},"author":1,"featured_media":0,"menu_order":1,"comment_status":"open","ping_status":"closed","template":"","format":"standard","meta":{"footnotes":""},"faq_category":[9],"class_list":["post-271","avada_faq","type-avada_faq","status-publish","format-standard","hentry","faq_category-druckluftenergiespeicher"],"aioseo_notices":[],"_links":{"self":[{"href":"https:\/\/green-y.ch\/de\/wp-json\/wp\/v2\/avada_faq\/271","targetHints":{"allow":["GET"]}}],"collection":[{"href":"https:\/\/green-y.ch\/de\/wp-json\/wp\/v2\/avada_faq"}],"about":[{"href":"https:\/\/green-y.ch\/de\/wp-json\/wp\/v2\/types\/avada_faq"}],"author":[{"embeddable":true,"href":"https:\/\/green-y.ch\/de\/wp-json\/wp\/v2\/users\/1"}],"replies":[{"embeddable":true,"href":"https:\/\/green-y.ch\/de\/wp-json\/wp\/v2\/comments?post=271"}],"version-history":[{"count":0,"href":"https:\/\/green-y.ch\/de\/wp-json\/wp\/v2\/avada_faq\/271\/revisions"}],"wp:attachment":[{"href":"https:\/\/green-y.ch\/de\/wp-json\/wp\/v2\/media?parent=271"}],"wp:term":[{"taxonomy":"faq_category","embeddable":true,"href":"https:\/\/green-y.ch\/de\/wp-json\/wp\/v2\/faq_category?post=271"}],"curies":[{"name":"wp","href":"https:\/\/api.w.org\/{rel}","templated":true}]}}

<p>Die Kosten eines Druckluft-Energiespeichers von Green-Y können von verschiedenen Faktoren abhängen und variieren in der Regel je nach Anwendungsfall und der gewünschten Speicherkapazität. Eine typische Systemgröße mit 150kW elektrischer Leistung und 4 Stunden Speicherdauer kostet etwa 300&#8217;000 CHF.</p>
<p>Wir von Green-Y beraten und unterstützen Sie gerne bei Ihren Projekten. Unsere Experten stehen Ihnen zur Verfügung, um Sie bei der Auswahl des richtigen Druckluft-Energiespeichers für Ihre spezifischen Anforderungen zu unterstützen und Ihnen transparente Informationen über die damit verbundenen Vorteile und Kosten bereitzustellen.</p>

<p>Die Kosten eines Druckluft-Energiespeichers von Green-Y können von verschiedenen Faktoren  [&#8230;]</p>
