{"id":1779,"date":"2024-04-18T09:20:02","date_gmt":"2024-04-18T07:20:02","guid":{"rendered":"https:\/\/www.green-y.ch\/faq-items\/quels-sont-les-avantages-dun-systeme-de-stockage-denergie-a-air-comprime-par-rapport-a-un-systeme-de-stockage-par-batterie\/"},"modified":"2024-04-18T09:20:02","modified_gmt":"2024-04-18T07:20:02","slug":"quels-sont-les-avantages-dun-systeme-de-stockage-denergie-a-air-comprime-par-rapport-a-un-systeme-de-stockage-par-batterie","status":"publish","type":"avada_faq","link":"https:\/\/green-y.ch\/fr\/faq-items\/quels-sont-les-avantages-dun-systeme-de-stockage-denergie-a-air-comprime-par-rapport-a-un-systeme-de-stockage-par-batterie\/","title":{"rendered":"Quels sont les avantages d&#8217;un syst\u00e8me de stockage d&#8217;\u00e9nergie \u00e0 air comprim\u00e9 par rapport \u00e0 un syst\u00e8me de stockage par batterie ?"},"content":{"rendered":"<p>Avantages s\u00e9lectionn\u00e9s de notre syst\u00e8me de stockage d&#8217;\u00e9nergie par air comprim\u00e9 par rapport \u00e0 un syst\u00e8me de stockage par batterie :<\/p>\n<ol>\n<li>Rentabilit\u00e9 : L&#8217;approche combin\u00e9e du stockage de l&#8217;\u00e9lectricit\u00e9, de la production de chaleur et de froid ainsi que le stockage rentable de l&#8217;\u00e9nergie dans des cylindres de stockage rendent le syst\u00e8me \u00e9conomiquement int\u00e9ressant, en particulier dans les projets de grande envergure ou dans les environnements industriels et commerciaux.<\/li>\n<li>R\u00e9cup\u00e9ration de la chaleur et du froid : Le syst\u00e8me exploite la chaleur et le froid g\u00e9n\u00e9r\u00e9s pendant les processus de chargement et de d\u00e9chargement, ce qui permet d&#8217;accro\u00eetre l&#8217;efficacit\u00e9 \u00e9nerg\u00e9tique et la rentabilit\u00e9.<\/li>\n<li>Durabilit\u00e9 : Le syst\u00e8me fonctionne exclusivement avec de l&#8217;air et de l&#8217;eau, n&#8217;utilise aucune mati\u00e8re premi\u00e8re rare et est recyclable \u00e0 100 %.<\/li>\n<li>Long\u00e9vit\u00e9 : Avec une dur\u00e9e de vie de 20 ans, le syst\u00e8me a une dur\u00e9e de vie nettement plus longue que les syst\u00e8mes de stockage par batterie qui ont une dur\u00e9e de vie inf\u00e9rieure \u00e0 10 ans. Les cylindres de stockage eux-m\u00eames ont une dur\u00e9e de vie de 50 ans.<\/li>\n<li><span style=\"font-size: revert; background-color: var(--awb-color6); color: var(--awb-color3); font-family: var(--awb-typography4-font-family); letter-spacing: var(--awb-typography4-letter-spacing);\">Modularit\u00e9 : Le syst\u00e8me peut \u00eatre facilement adapt\u00e9 aux diff\u00e9rentes tailles et exigences des projets, et les volumes de sortie et de stockage peuvent \u00eatre con\u00e7us de mani\u00e8re flexible et ind\u00e9pendante les uns des autres.<\/span><\/li>\n<\/ol>\n<p>Il convient de noter que le choix du meilleur type de stockage d\u00e9pend toujours des exigences et des conditions sp\u00e9cifiques du projet.<\/p>\n","protected":false},"excerpt":{"rendered":"<p>Avantages s\u00e9lectionn\u00e9s de notre syst\u00e8me de stockage d&#8217;\u00e9nergie par air  [&#8230;]<\/p>\n","protected":false},"author":1,"featured_media":0,"menu_order":7,"comment_status":"open","ping_status":"closed","template":"","format":"standard","meta":{"footnotes":""},"faq_category":[50],"class_list":["post-1779","avada_faq","type-avada_faq","status-publish","format-standard","hentry","faq_category-accumulateur-denergie-a-air-comprime"],"aioseo_notices":[],"_links":{"self":[{"href":"https:\/\/green-y.ch\/fr\/wp-json\/wp\/v2\/avada_faq\/1779","targetHints":{"allow":["GET"]}}],"collection":[{"href":"https:\/\/green-y.ch\/fr\/wp-json\/wp\/v2\/avada_faq"}],"about":[{"href":"https:\/\/green-y.ch\/fr\/wp-json\/wp\/v2\/types\/avada_faq"}],"author":[{"embeddable":true,"href":"https:\/\/green-y.ch\/fr\/wp-json\/wp\/v2\/users\/1"}],"replies":[{"embeddable":true,"href":"https:\/\/green-y.ch\/fr\/wp-json\/wp\/v2\/comments?post=1779"}],"version-history":[{"count":0,"href":"https:\/\/green-y.ch\/fr\/wp-json\/wp\/v2\/avada_faq\/1779\/revisions"}],"wp:attachment":[{"href":"https:\/\/green-y.ch\/fr\/wp-json\/wp\/v2\/media?parent=1779"}],"wp:term":[{"taxonomy":"faq_category","embeddable":true,"href":"https:\/\/green-y.ch\/fr\/wp-json\/wp\/v2\/faq_category?post=1779"}],"curies":[{"name":"wp","href":"https:\/\/api.w.org\/{rel}","templated":true}]}}

Quels sont les avantages d&#8217;un système de stockage d&#8217;énergie à air comprimé par rapport à un système de stockage par batterie ?

<p>Avantages sélectionnés de notre système de stockage d&#8217;énergie par air comprimé par rapport à un système de stockage par batterie :</p>
<ol>
<li>Rentabilité : L&#8217;approche combinée du stockage de l&#8217;électricité, de la production de chaleur et de froid ainsi que le stockage rentable de l&#8217;énergie dans des cylindres de stockage rendent le système économiquement intéressant, en particulier dans les projets de grande envergure ou dans les environnements industriels et commerciaux.</li>
<li>Récupération de la chaleur et du froid : Le système exploite la chaleur et le froid générés pendant les processus de chargement et de déchargement, ce qui permet d&#8217;accroître l&#8217;efficacité énergétique et la rentabilité.</li>
<li>Durabilité : Le système fonctionne exclusivement avec de l&#8217;air et de l&#8217;eau, n&#8217;utilise aucune matière première rare et est recyclable à 100 %.</li>
<li>Longévité : Avec une durée de vie de 20 ans, le système a une durée de vie nettement plus longue que les systèmes de stockage par batterie qui ont une durée de vie inférieure à 10 ans. Les cylindres de stockage eux-mêmes ont une durée de vie de 50 ans.</li>
<li><span style="font-size: revert; background-color: var(--awb-color6); color: var(--awb-color3); font-family: var(--awb-typography4-font-family); letter-spacing: var(--awb-typography4-letter-spacing);">Modularité : Le système peut être facilement adapté aux différentes tailles et exigences des projets, et les volumes de sortie et de stockage peuvent être conçus de manière flexible et indépendante les uns des autres.</span></li>
</ol>
<p>Il convient de noter que le choix du meilleur type de stockage dépend toujours des exigences et des conditions spécifiques du projet.</p>

<p>Avantages sélectionnés de notre système de stockage d&#8217;énergie par air  [&#8230;]</p>
