{"id":1783,"date":"2024-04-18T09:20:34","date_gmt":"2024-04-18T07:20:34","guid":{"rendered":"https:\/\/www.green-y.ch\/faq-items\/pendant-combien-de-temps-un-systeme-de-stockage-denergie-a-air-comprime-peut-il-stocker-de-lenergie\/"},"modified":"2024-04-18T09:20:34","modified_gmt":"2024-04-18T07:20:34","slug":"pendant-combien-de-temps-un-systeme-de-stockage-denergie-a-air-comprime-peut-il-stocker-de-lenergie","status":"publish","type":"avada_faq","link":"https:\/\/green-y.ch\/fr\/faq-items\/pendant-combien-de-temps-un-systeme-de-stockage-denergie-a-air-comprime-peut-il-stocker-de-lenergie\/","title":{"rendered":"Pendant combien de temps un syst\u00e8me de stockage d&#8217;\u00e9nergie \u00e0 air comprim\u00e9 peut-il stocker de l&#8217;\u00e9nergie ?"},"content":{"rendered":"<p>La dur\u00e9e de stockage d&#8217;un syst\u00e8me de stockage d&#8217;\u00e9nergie \u00e0 air comprim\u00e9 d\u00e9pend de plusieurs facteurs, tels que la taille du syst\u00e8me de stockage, la source d&#8217;\u00e9nergie disponible et le type d&#8217;utilisation.<\/p>\n<p>En r\u00e8gle g\u00e9n\u00e9rale, l&#8217;unit\u00e9 de stockage d&#8217;\u00e9nergie \u00e0 air comprim\u00e9 stocke l&#8217;\u00e9nergie pendant plusieurs heures. D&#8217;un point de vue technologique, il n&#8217;y a pas d&#8217;autod\u00e9charge, ce qui signifie que des p\u00e9riodes de stockage plus longues de plusieurs jours et un stockage saisonnier sont \u00e9galement possibles.<\/p>\n","protected":false},"excerpt":{"rendered":"<p>La dur\u00e9e de stockage d&#8217;un syst\u00e8me de stockage d&#8217;\u00e9nergie \u00e0  [&#8230;]<\/p>\n","protected":false},"author":1,"featured_media":0,"menu_order":3,"comment_status":"open","ping_status":"closed","template":"","format":"standard","meta":{"footnotes":""},"faq_category":[50],"class_list":["post-1783","avada_faq","type-avada_faq","status-publish","format-standard","hentry","faq_category-accumulateur-denergie-a-air-comprime"],"aioseo_notices":[],"_links":{"self":[{"href":"https:\/\/green-y.ch\/fr\/wp-json\/wp\/v2\/avada_faq\/1783","targetHints":{"allow":["GET"]}}],"collection":[{"href":"https:\/\/green-y.ch\/fr\/wp-json\/wp\/v2\/avada_faq"}],"about":[{"href":"https:\/\/green-y.ch\/fr\/wp-json\/wp\/v2\/types\/avada_faq"}],"author":[{"embeddable":true,"href":"https:\/\/green-y.ch\/fr\/wp-json\/wp\/v2\/users\/1"}],"replies":[{"embeddable":true,"href":"https:\/\/green-y.ch\/fr\/wp-json\/wp\/v2\/comments?post=1783"}],"version-history":[{"count":0,"href":"https:\/\/green-y.ch\/fr\/wp-json\/wp\/v2\/avada_faq\/1783\/revisions"}],"wp:attachment":[{"href":"https:\/\/green-y.ch\/fr\/wp-json\/wp\/v2\/media?parent=1783"}],"wp:term":[{"taxonomy":"faq_category","embeddable":true,"href":"https:\/\/green-y.ch\/fr\/wp-json\/wp\/v2\/faq_category?post=1783"}],"curies":[{"name":"wp","href":"https:\/\/api.w.org\/{rel}","templated":true}]}}

Pendant combien de temps un système de stockage d&#8217;énergie à air comprimé peut-il stocker de l&#8217;énergie ?

<p>La durée de stockage d&#8217;un système de stockage d&#8217;énergie à air comprimé dépend de plusieurs facteurs, tels que la taille du système de stockage, la source d&#8217;énergie disponible et le type d&#8217;utilisation.</p>
<p>En règle générale, l&#8217;unité de stockage d&#8217;énergie à air comprimé stocke l&#8217;énergie pendant plusieurs heures. D&#8217;un point de vue technologique, il n&#8217;y a pas d&#8217;autodécharge, ce qui signifie que des périodes de stockage plus longues de plusieurs jours et un stockage saisonnier sont également possibles.</p>

<p>La durée de stockage d&#8217;un système de stockage d&#8217;énergie à  [&#8230;]</p>
