{"id":1785,"date":"2024-04-18T09:20:50","date_gmt":"2024-04-18T07:20:50","guid":{"rendered":"https:\/\/www.green-y.ch\/faq-items\/quel-est-le-cout-dun-systeme-de-stockage-denergie-a-air-comprime\/"},"modified":"2024-04-18T09:20:50","modified_gmt":"2024-04-18T07:20:50","slug":"quel-est-le-cout-dun-systeme-de-stockage-denergie-a-air-comprime","status":"publish","type":"avada_faq","link":"https:\/\/green-y.ch\/fr\/faq-items\/quel-est-le-cout-dun-systeme-de-stockage-denergie-a-air-comprime\/","title":{"rendered":"Quel est le co\u00fbt d&#8217;un syst\u00e8me de stockage d&#8217;\u00e9nergie \u00e0 air comprim\u00e9 ?"},"content":{"rendered":"<p>Le co\u00fbt d&#8217;un syst\u00e8me de stockage d&#8217;\u00e9nergie \u00e0 air comprim\u00e9 Green-Y peut d\u00e9pendre de plusieurs facteurs et varie g\u00e9n\u00e9ralement en fonction de l&#8217;application et de la capacit\u00e9 de stockage souhait\u00e9e. Un syst\u00e8me typique d&#8217;une puissance \u00e9lectrique de 150 kW et d&#8217;une capacit\u00e9 de stockage de 4 heures co\u00fbte environ 300 000 CHF.<\/p>\n<p>Chez Green-Y, nous sommes heureux de vous conseiller et de vous soutenir dans vos projets. Nos experts sont \u00e0 votre disposition pour vous aider \u00e0 choisir le syst\u00e8me de stockage d&#8217;\u00e9nergie \u00e0 air comprim\u00e9 adapt\u00e9 \u00e0 vos besoins sp\u00e9cifiques et vous fournir des informations transparentes sur les avantages et les co\u00fbts associ\u00e9s.<\/p>\n","protected":false},"excerpt":{"rendered":"<p>Le co\u00fbt d&#8217;un syst\u00e8me de stockage d&#8217;\u00e9nergie \u00e0 air comprim\u00e9  [&#8230;]<\/p>\n","protected":false},"author":1,"featured_media":0,"menu_order":1,"comment_status":"open","ping_status":"closed","template":"","format":"standard","meta":{"footnotes":""},"faq_category":[50],"class_list":["post-1785","avada_faq","type-avada_faq","status-publish","format-standard","hentry","faq_category-accumulateur-denergie-a-air-comprime"],"aioseo_notices":[],"_links":{"self":[{"href":"https:\/\/green-y.ch\/fr\/wp-json\/wp\/v2\/avada_faq\/1785","targetHints":{"allow":["GET"]}}],"collection":[{"href":"https:\/\/green-y.ch\/fr\/wp-json\/wp\/v2\/avada_faq"}],"about":[{"href":"https:\/\/green-y.ch\/fr\/wp-json\/wp\/v2\/types\/avada_faq"}],"author":[{"embeddable":true,"href":"https:\/\/green-y.ch\/fr\/wp-json\/wp\/v2\/users\/1"}],"replies":[{"embeddable":true,"href":"https:\/\/green-y.ch\/fr\/wp-json\/wp\/v2\/comments?post=1785"}],"version-history":[{"count":0,"href":"https:\/\/green-y.ch\/fr\/wp-json\/wp\/v2\/avada_faq\/1785\/revisions"}],"wp:attachment":[{"href":"https:\/\/green-y.ch\/fr\/wp-json\/wp\/v2\/media?parent=1785"}],"wp:term":[{"taxonomy":"faq_category","embeddable":true,"href":"https:\/\/green-y.ch\/fr\/wp-json\/wp\/v2\/faq_category?post=1785"}],"curies":[{"name":"wp","href":"https:\/\/api.w.org\/{rel}","templated":true}]}}

Quel est le coût d&#8217;un système de stockage d&#8217;énergie à air comprimé ?

<p>Le coût d&#8217;un système de stockage d&#8217;énergie à air comprimé Green-Y peut dépendre de plusieurs facteurs et varie généralement en fonction de l&#8217;application et de la capacité de stockage souhaitée. Un système typique d&#8217;une puissance électrique de 150 kW et d&#8217;une capacité de stockage de 4 heures coûte environ 300 000 CHF.</p>
<p>Chez Green-Y, nous sommes heureux de vous conseiller et de vous soutenir dans vos projets. Nos experts sont à votre disposition pour vous aider à choisir le système de stockage d&#8217;énergie à air comprimé adapté à vos besoins spécifiques et vous fournir des informations transparentes sur les avantages et les coûts associés.</p>

<p>Le coût d&#8217;un système de stockage d&#8217;énergie à air comprimé  [&#8230;]</p>
